-133
21 (base 14) to base 12
25
What is 98 (base 14) in base 9?
158
What is 5 (base 13) in base 3?
12
-163 (base 12) to base 5
-1334
What is -66 (base 11) in base 3?
-2200
Convert -11 (base 8) to base 13.
-9
What is -6 (base 13) in base 2?
-110
What is -177 (base 8) in base 14?
-91
What is 33 (base 13) in base 16?
2a
-4 (base 7) to base 8
-4
Convert 9 (base 10) to base 16.
9
Convert 50 (base 12) to base 8.
74
What is 20 (base 9) in base 10?
18
20221 (base 3) to base 2
10111011
Convert 0 (base 3) to base 5.
0
-2 (base 7) to base 14
-2
Convert 0 (base 6) to base 7.
0
What is 47 (base 15) in base 12?
57
-333 (base 5) to base 8
-135
What is 3 (base 15) in base 6?
3
Convert 112 (base 3) to base 14.
10
Convert 10101001 (base 2) to base 15.
b4
Convert -51 (base 7) to base 8.
-44
What is -46 (base 11) in base 12?
-42
10 (base 2) to base 5
2
Convert 3 (base 6) to base 3.
10
Convert 21 (base 9) to base 3.
201
-77 (base 11) to base 8
-124
What is 2201 (base 3) in base 13?
58
What is -1 (base 15) in base 14?
-1
8 (base 12) to base 5
13
-1 (base 4) to base 10
-1
Convert -153 (base 9) to base 10.
-129
What is 6 (base 11) in base 6?
10
8 (base 16) to base 3
22
2 (base 11) to base 13
2
What is 3 (base 11) in base 9?
3
Convert -13 (base 5) to base 8.
-10
Convert 1 (base 13) to base 8.
1
Convert -1012 (base 3) to base 9.
-35
What is -43 (base 9) in base 4?
-213
Convert 10 (base 5) to base 12.
5
What is 1 (base 8) in base 16?
1
304 (base 10) to base 5
2204
What is 100 (base 2) in base 7?
4
1b (base 12) to base 6
35
What is -14 (base 5) in base 14?
-9
What is 2 (base 12) in base 2?
10
What is -20 (base 16) in base 4?
-200
Convert 1020 (base 3) to base 10.
33
What is 3 (base 6) in base 2?
11
Convert -10211 (base 3) to base 5.
-403
-110 (base 3) to base 14
-c
Convert -35 (base 11) to base 9.
-42
What is 1140 (base 5) in base 11?
145
3 (base 7) to base 11
3
What is 29 (base 10) in base 2?
11101
Convert 35 (base 8) to base 4.
131
What is -12021 (base 3) in base 9?
-167
14 (base 13) to base 12
15
111 (base 3) to base 2
1101
What is -101 (base 3) in base 4?
-22
What is -28 (base 13) in base 7?
-46
Convert d6 (base 16) to base 5.
1324
What is -12 (base 5) in base 12?
-7
What is 1111 (base 2) in base 3?
120
-19 (base 13) to base 15
-17
What is 38 (base 9) in base 14?
27
0 (base 6) to base 5
0
-60 (base 16) to base 6
-240
What is -61 (base 14) in base 4?
-1111
What is -1101110 (base 2) in base 3?
-11002
What is 3 (base 7) in base 8?
3
Convert 4 (base 16) to base 7.
4
-6 (base 11) to base 8
-6
4 (base 6) to base 13
4
What is -137 (base 15) in base 16?
-115
-2 (base 9) to base 6
-2
424 (base 5) to base 4
1302
What is -50 (base 16) in base 8?
-120
What is 9 (base 14) in base 4?
21
What is -2 (base 15) in base 2?
-10
What is 1111 (base 3) in base 9?
44
-2 (base 12) to base 5
-2
What is -23 (base 11) in base 2?
-11001
-62 (base 8) to base 13
-3b
Convert 0 (base 13) to base 8.
0
Convert 133 (base 4) to base 10.
31
What is 104 (base 5) in base 12?
25
Convert 9 (base 15) to base 11.
9
2 (base 8) to base 3
2
3102 (base 4) to base 16
d2
Convert -111 (base 10) to base 11.
-a1
Convert 5 (base 12) to base 15.
5
What is -11 (base 9) in base 10?
-10
6 (base 13) to base 7
6
5 (base 10) to base 8
5
-11 (base 7) to base 14
-8
What is 42 (base 5) in base 6?
34
Convert -102 (base 6) to base 15.
-28
What is -4 (base 10) in base 13?
-4
22 (base 7) to base 15
11
Convert -3 (base 16) to base 13.
-3
Convert -1 (base 10) to base 6.
-1
-51 (base 13) to base 4
-1002
Convert -18 (base 11) to base 5.
-34
What is a (base 15) in base 8?
12
10 (base 2) to base 16
2
What is 6 (base 13) in base 2?
110
-13 (base 8) to base 11
-10
What is -3 (base 10) in base 9?
-3
-36 (base 12) to base 8
-52
3 (base 7) to base 10
3
What is -3 (base 11) in base 7?
-3
Convert -12 (base 4) to base 10.
-6
What is -130 (base 8) in base 14?
-64
What is 3 (base 9) in base 5?
3
What is 152 (base 8) in base 3?
10221
Convert -50 (base 7) to base 6.
-55
11 (base 9) to base 14
a
Convert -14 (base 6) to base 11.
-a
Convert -27 (base 13) to base 3.
-1020
What is 112 (base 4) in base 10?
22
122 (base 3) to base 14
13
1100 (base 2) to base 5
22
-11 (base 2) to base 16
-3
-1 (base 16) to base 2
-1
Convert -be (base 16) to base 10.
-190
3 (base 10) to base 16
3
What is 3 (base 6) in base 14?
3
19 (base 16) to base 2
11001
What is 2 (base 11) in base 10?
2
-10 (base 3) to base 8
-3
-1 (base 4) to base 5
-1
16 (base 8) to base 10
14
17 (base 11) to base 3
200
What is 48 (base 9) in base 5?
134
What is 0 (base 8) in base 5?
0
Convert 355 (base 7) to base 4.
2323
Convert -39 (base 13) to base 12.
-40
-263 (base 10) to base 11
-21a
4 (base 16) to base 9
4
What is 2 (base 6) in base 8?
2
What is -315 (base 8) in base 10?
-205
Convert 0 (base 9) to base 6.
0
-22 (base 10) to base 6
-34
What is 24 (base 5) in base 14?
10
-d9 (base 15) to base 3
-21120
Convert -111 (base 3) to base 4.
-31
What is -1 (base 3) in base 8?
-1
Convert -101 (base 7) to base 16.
-32
10 (base 2) to base 4
2
-320 (base 8) to base 2
-11010000
What is -3 (base 7) in base 6?
-3
3 (base 15) to base 3
10
24b (base 12) to base 13
209
Convert 21 (base 8) to base 13.
14
100 (base 10) to base 11
91
-210 (base 3) to base 8
-25
10 (base 14) to base 3
112
Convert -3 (base 9) to base 2.
-11
Convert 0 (base 3) to base 10.
0
Convert -20 (base 15) to base 2.
-11110
What is -1 (base 12) in base 8?
-1
What is 324 (base 5) in base 13?
6b
Convert 17 (base 14) to base 9.
23
-3 (base 5) to base 12
-3
What is 101000 (base 2) in base 11?
37
-6 (base 16) to base 7
-6
What is 11 (base 6) in base 7?
10
132 (base 5) to base 6
110
What is 0 (base 8) in base 2?
0
What is 26 (base 16) in base 3?
1102
What is -14 (base 9) in base 5?
-23
Convert -1114 (base 6) to base 5.
-2022
What is -13 (base 11) in base 13?
-11
What is -9 (base 16) in base 6?
-13
Convert 58 (base 14) to base 13.
60
c8 (base 14) to base 16
b0
What is a (base 12) in base 14?
a
b (base 16) to base 7
14
-4 (base 16) to base 10
-4
Convert 21 (base 13) to base 12.
23
Convert -11101 (base 2) to base 16.
-1d
Convert 24 (base 12) to base 8.
34
Convert 240 (base 10) to base 13.
156
222 (base 3) to base 5
101
What is -13 (base 5) in base 6?
-12
1 (base 13) to base 12
1
Convert -65 (base 9) to base 3.
-2012
234 (base 6) to base 13
73
7 (base 11) to base 10
7
11110111 (base 2) to base 3
100011
Convert 4c (base 15) to base 8.
110
-129 (base 11) to base 15
-a2
What is 110 (base 2) in base 6?
10
-b8 (base 15) to base 14
-c5
Convert -22 (base 7) to base 10.
-16
Convert 2 (base 3) to base 8.
2
Convert 36 (base 11) to base 9.
43
Convert 2 (base 11) to base 16.
2
1 (base 15) to base 13
1
-13 (base 4) to base 7
-10
Convert 100110 (base 2) to base 14.
2a
Convert -133 (base 6) to base 11.
-52
What is 2e (base 15) in base 10?
44
What is -64 (base 12) in base 15?
-51
-2 (base 4) to base 8
-2
Convert 13 (base 15) to base 11.
17
Convert -3 (base 6) to base 10.
-3
-2 (base 10) to base 13
-2
Convert -24 (base 11) to base 8.
-32
Convert -114 (base 7) to base 8.
-74
What is 1 (base 8) in base 13?
1
8 (base 16) to base 15
8
Convert -403 (base 10) to base 2.
-110010011
-1101 (base 2) to base 14
-d
Convert -5 (base 7) to base 9.
-5
Convert -33 (base 9) to base 15.
-20
Convert 134 (base 12) to base 16.
b8
14 (base 13) to base 11
16
Convert 100 (base 6) to base 15.
26
Convert 23a (base 11) to base 13.
18c
What is 62 (base 9) in base 8?
70
5c (base 14) to base 11
75
Convert -92 (base 15) to base 11.
-115
Convert 4 (base 13) to base 5.
4
What is 1 (base 9) in base 10?
1
What is -3 (base 7) in base 15?
-3
17 (base 11) to base 12
16
-315 (base 10) to base 2
-100111011
Convert 2 (base 10) to base 5.
2
-6 (base 14) to base 7
-6
What is -22 (base 8) in base 4?
-102
-1210 (base 3) to base 2
-110000
1e (base 16) to base 2
11110
What is 1 (base 11) in base 5?
1
Convert -10 (base 4) to base 12.
-4
-211 (base 5) to base 16
-38
Convert -46 (base 7) to base 4.
-202
Convert 190 (base 10) to base 7.
361
Convert 23 (base 13) to base 3.
1002
Convert -24 (base 12) to base 4.
-130
Convert -2002 (base 3) to base 12.
-48
What is 31 (base 14) in base 2?
101011
Convert 5 (base 11) to base 16.
5
What is 203 (base 5) in base 15?
38
What is 13 (base 5) in base 14?
8
4 (base 13) to base 11
4
-2 (